30 + f. What is the remainder when 11 is divided by p?
5
What is the remainder when -30*((-5)/((-25)/(-37)))/((-6)/(-12)) is divided by 221?
2
Let v = 344 + -236. Suppose 2*c - v = -2*c - 4*w, 0 = c + 5*w - 23. Let t = 149 + -69. Calculate the remainder when t is divided by c.
24
Let r(f) be the third derivative of 7/60*f**5 + 0 + 0*f - 1/12*f**4 - f**2 - 13/6*f**3 + 1/120*f**6. What is the remainder when r(-6) is divided by 18?
17
Let y(h) = h - 2*h + 3 + 2*h + 11 + 10. Let t(q) = -q - 2. Let u be t(5). Calculate the remainder when y(u) is divided by 6.
5
Let g(a) = 15*a + 90. Let l be g(-6). Suppose l = 3*p - w - 443, -536 - 209 = -5*p - 5*w. Calculate the remainder when p is divided by 31.
24
What is the remainder when 8/28*((-12)/54 + (-24765)/(-27)) is divided by 77?
31
Suppose -2*f + 11*f = 63. Let v(x) = -5*x + 48. Let w be v(f). Suppose -w*p + 5*p = -368. Calculate the remainder when p is divided by 10.
6
Suppose 5*l + 287 = 10*u - 2473, u - 267 = 2*l. What is the remainder when 5018 is divided by u?
275
Let p = 69 + -22. Let d be 84320/(-280)*14/(-4). Let z = 1067 - d. Calculate the remainder when p is divided by z.
8
Let p(t) = 2*t + 53 - 124*t**2 + t**3 + 96*t**2 - 3*t. Suppose -5*m + 45 = -690. What is the remainder when m is divided by p(28)?
22
Calculate the remainder when 376 is divided by 9/4*(22 - (4 - -6)).
25
Suppose 0*f = -f - 52. Let d = 87 + f. Let j = -258 + 396. What is the remainder when j is divided by d?
33
Let j(a) = -9*a - 27. Let t be j(-6). Let z be ((-387)/t)/((-2)/6). Let m = z - -2. Calculate the remainder when 179 is divided by m.
44
Let z = -28 - -7. What is the remainder when 7/(z/6) - -21 is divided by (-2)/(-7) - (1088/28)/(-4)?
9
Let d = 107 + -117. What is the remainder when 93 is divided by (d/(-75)*-18)/((-3)/20)?
13
Let v(m) = 18 - 10 + 36 - 16*m + m**2. What is the remainder when 111 is divided by v(14)?
15
Let v = 138 + -129. Let i(s) = -s**2 + 9*s + 7. What is the remainder when 12 is divided by i(v)?
5
Suppose -9*l - 108 = -12*l + 3*n, -2*n = -l + 30. Calculate the remainder when 71 is divided by l.
29
Suppose -5*y = -2*y - 141. Let a be (-4)/(-14) + 854/98. Suppose -a*d - 75 = -12*d. What is the remainder when y is divided by d?
22
Suppose 1332 = 4*r + 7*u - 5*u, 2*r + 5*u - 666 = 0. What is the remainder when r is divided by 25?
8
Suppose -4*w = 8, -3*j + 63*w + 44 = 59*w. Calculate the remainder when 2435 is divided by j.
11
Suppose 0 = 28*s + 7 - 10171. What is the remainder when s is divided by 30?
3
Let g(c) = -c - 5. Let i = 8 - 18. What is the remainder when g(i) is divided by 4/(-28)*-3 + (-12)/(-21)?
0
Suppose -2*t = 2*t - 4. Suppose 6 = 5*a + 2*u, 32*a = 37*a + u - 3. Calculate the remainder when t*68 + 3 + a is divided by 24.
23
What is the remainder when (6/20)/((-8)/(-14720)*-15)*-10 is divided by 81?
44
Let h = 413 + -411. Suppose h*m + 8*y = 7*y + 75, -3*y - 175 = -4*m. What is the remainder when 479 is divided by m?
39
Suppose 135*a - 2*x = 133*a - 2, 5*a + 2*x - 58 = 0. What is the remainder when 11356 is divided by a?
4
Suppose -356*d - 6523 = -367*d. Calculate the remainder when d is divided by 6.
5
Let x = -3 - -3. Let h(q) = 20 - 3*q**2 + 2*q**2 + 13*q - 7 - 8*q - 7*q. What is the remainder when 25 is divided by h(x)?
12
Let i = 38 - 23. Suppose 10*f - i*f = -25. Calculate the remainder when -3*1432/(-120) + 2/10 is divided by f.
1
Suppose -18*d = d - 95. Suppose 104 = d*s - 4*k, -5*s = -k - 62 - 54. Suppose 0 = -5*m + 31 + 294. What is the remainder when m is divided by s?
17
Let y(n) = n**3 - 18*n**2 + 2*n - 30. Let r be y(18). Let f be 1/3*r*6. Suppose -f = -c - l, -5 = -4*l - 21. What is the remainder when 221 is divided by c?
13
Let g = 1435 + -1415. Calculate the remainder when 12477 is divided by g.
17
Suppose -9 = k - 12. Let w be (-5)/(75/10) - (-527)/k. Suppose 5*r - w = -70. Calculate the remainder when r is divided by 15.
6
Let f be (-26)/(-3 - (-44)/12). Let m = 30 - f. Calculate the remainder when m is divided by 298/8 + ((-2)/(-8) - 1/2).
32
Suppose 0 = 3*j - 2*h - 215, -4*j - 3*h = -2*j - 126. Let a = -7 + j. Let n(r) = -5*r + 3. What is the remainder when a is divided by n(-6)?
29
Let m = 48 - 10. What is the remainder when 2/(-11) + (-9784)/(-88) is divided by m?
35
Suppose -v + 16 = -4*h, 2*v - 6*v + h + 34 = 0. Suppose v*o + 18 = 9*o. What is the remainder when 53 is divided by o?
17
Let y(o) = -o**3 - 7*o**2 + 4*o + 62. Let z be y(-6). Suppose -z*u + 5*d + 45 = 0, -5*d - 51 = -3*u + 14. Calculate the remainder when 277 is divided by u.
17
Let m = 2786 + -2745. What is the remainder when 50 is divided by m?
9
Let g = 3758 + -3750. Suppose 0 = -6*p + 4*p + 8. Suppose r - 70 = -p*r. What is the remainder when r is divided by g?
6
Suppose 4*o + 20 = 3*o. Suppose -2*q - 3*m + 5 = -14, 2*q = 3*m + 1. Calculate the remainder when (88/o)/((-4)/20) is divided by q.
2
Let y = -244 + 94. Let a = -125 - y. Calculate the remainder when 149 is divided by a.
24
Calculate the remainder when ((3099/7)/(-3))/((-215)/35 - -6) is divided by 1019.
14
Suppose 18490 = 96*k - 10*k. What is the remainder when k is divided by 33?
17
Suppose -4*q = h - 763, -3*h = 2*h + 5. Let t = 6380 - 6108. Let o = t - q. What is the remainder when o is divided by 28?
25
Suppose -10 + 12 = v. Let d(c) = 10*c**2 + 4*c - 3. Calculate the remainder when d(v) is divided by 138/8 - 21/84.
11
Let a(y) = 3*y**2 - 26*y - 98. What is the remainder when 635 is divided by a(14)?
5
Let z(k) = 3*k - 19. Let o(q) be the first derivative of -2*q**2 + 21*q - 20. Let i(h) = -3*o(h) - 2*z(h). Calculate the remainder when 142 is divided by i(9).
26
Let l = 257 - 186. Suppose -l*i + 69*i + 236 = 0. What is the remainder when i is divided by 15?
13
Let o = -167 - -242. Suppose 6*a - 9*a + o = 0. What is the remainder when 41 is divided by a?
16
Let f = 307 - 164. Let t = -134 + f. Calculate the remainder when 88 is divided by t.
7
What is the remainder when -9 - (8 - (501 + 15)) is divided by 18?
13
Calculate the remainder when 137 is divided by (-3059)/(-133) - (-2)/2.
17
Let t = -137 + 290. Let r = -242 + 128. Let q = r + t. Calculate the remainder when 75 is divided by q.
36
Suppose 8 + 1 = 3*p. Let y be 2/1*(38 - -5). Let f = 94 - y. Calculate the remainder when f is divided by p.
2
Let h(j) = -j**3 - 3*j**2 + 712. What is the remainder when h(0) is divided by 65?
62
Suppose -3*g = 2*j - 230 - 531, 5*j - 3*g = 1934. Calculate the remainder when (3/(-5))/(-3) + 14938/j is divided by 21.
18
Let c(w) = 10*w + 13. Suppose -12*o - 30*o + 4*o = 0. What is the remainder when c(o) is divided by 11?
2
Let y = 5341 - 5281. What is the remainder when 1078 is divided by y?
58
Let h = 21469 + -21290. Calculate the remainder when h is divided by 36.
35
Let f(v) = v**3 - 22*v**2 + 22*v - 14. Let r be f(21). Suppose m = -8 + r. Let c(g) = 85*g**2 - 1. What is the remainder when c(m) is divided by 11?
7
Let p = 55 - 56. What is the remainder when 65 is divided by p + 40 - (9 - (9 + -4))?
30
Let z = 116 + -116. Let d(b) = b**2 - b + 87. Let k be d(z). Let m = 129 - k. What is the remainder when m is divided by 22?
20
Suppose 0 = -2*a + 2*i + 6765 - 1727, 0 = 3*i - 21. What is the remainder when a is divided by 110?
106
Let r(f) = 32*f - 218. Calculate the remainder when r(18) is divided by 36.
34
Suppose 5*r + a = 4*r + 18, -2*a + 8 = 0. What is the remainder when 1359 is divided by r?
1
What is the remainder when 2/4 + -4 + (-6111)/(-6) is divided by 30?
25
Let i(s) = 23*s + 2312. Calculate the remainder when i(-39) is divided by 34.
21
Let y = -8364 + 8370. What is the remainder when 1575 is divided by y?
3
Suppose -135 = -29*z + 10. Suppose v = 3*t - 2*t - 77, 4*t = z*v + 304. What is the remainder when 242 is divided by t?
80
Let a(m) = 12*m**2 - 15*m + 14*m**3 + 10*m**3 - 23*m**3 - 2. Let r be a(-7). Suppose r - 29 = 11*q. What is the remainder when q is divided by 18?
11
What is the remainder when 757 is divided by 5 + -2 - (248/93)/((-2)/12)?
16
Let j be (118/6 + -1)/(10/90). Suppose 7*q = 11*q - 104. Let n = j - q. What is the remainder when n is divided by 36?
34
Suppose 320 = -4*z - 4*z + 13*z. Calculate the remainder when 703 is divided by z.
63
Calculate the remainder when 947 is divided by 3788/(-6)*-1*((-735)/